{"id":1716,"date":"2022-05-19T13:19:08","date_gmt":"2022-05-19T16:19:08","guid":{"rendered":"https:\/\/www.wald.com.br\/?page_id=1716"},"modified":"2026-01-12T18:42:54","modified_gmt":"2026-01-12T21:42:54","slug":"lgpd","status":"publish","type":"page","link":"https:\/\/www.wald.com.br\/en\/lgpd\/","title":{"rendered":"Privacy and data protection"},"content":{"rendered":"<div class=\"wpb-content-wrapper\"><p><\/p>\n<p>[vc_row][vc_column width=&#8221;1\/2&#8243;][vc_column_text]<\/p>\n<p>The following <strong>Privacy and Data Protection Policy<\/strong> and <strong>Cookies Policy<\/strong> detail how our firm handles personal data. These policies apply to all individuals (individual users, companies and other organizations) that may have their personal data processed by our firm, through the use of our website, services, via forms, among others.<\/p>\n<p>[\/vc_column_text][\/vc_column][vc_column width=&#8221;1\/2&#8243;][vc_column_text]<\/p>\n<p style=\"text-align: center;\"><span style=\"font-size: 20px;\"><strong><span style=\"vertical-align: inherit;\"><span style=\"vertical-align: inherit;\">Clique para ver nossas pol\u00edticas<\/span><\/span><\/strong><\/span><\/p>\n<p style=\"text-align: center;\"><a href=\"https:\/\/www.wald.com.br\/wp-content\/uploads\/2024\/01\/Politica-de-Privacidade-e-Protecao-de-Dados.pdf\" target=\"_blank\" rel=\"noopener noreferrer\"><span style=\"font-size: 20px;\"><span style=\"vertical-align: inherit;\"><span style=\"vertical-align: inherit;\">Pol\u00edtica de Privacidade e Prote\u00e7\u00e3o de Dados<\/span><\/span><\/span><\/a><\/p>\n<p style=\"text-align: center;\"><a href=\"https:\/\/www.wald.com.br\/wp-content\/uploads\/2023\/06\/Politica-de-Cookies-Wald.pdf\" target=\"_blank\" rel=\"noopener noreferrer\"><span style=\"font-size: 20px;\"><span style=\"vertical-align: inherit;\"><span style=\"vertical-align: inherit;\">Pol\u00edtica de Cookies<\/span><\/span><\/span><\/a><\/p>\n<p>[\/vc_column_text][\/vc_column][\/vc_row]<\/p>\n<p><\/p>\n<\/div>","protected":false},"excerpt":{"rendered":"<p>[vc_row][vc_column width=&#8221;1\/2&#8243;][vc_column_text] The following Privacy and Data Protection Policy and Cookies Policy detail how our firm handles personal data. These policies apply to all individuals (individual users, companies and other organizations) that may have their personal data processed by our firm, through the use of our website, services, via forms, among others. [\/vc_column_text][\/vc_column][vc_column width=&#8221;1\/2&#8243;][vc_column_text] Clique [&hellip;]<\/p>\n","protected":false},"author":1,"featured_media":0,"parent":0,"menu_order":0,"comment_status":"closed","ping_status":"closed","template":"page-visual-composer.php","meta":{"_acf_changed":false,"footnotes":""},"class_list":["post-1716","page","type-page","status-publish","hentry"],"acf":[],"yoast_head":"<!-- This site is optimized with the Yoast SEO plugin v27.5 - https:\/\/yoast.com\/product\/yoast-seo-wordpress\/ -->\n<title>Privacy and data protection | Wald Advogados<\/title>\n<meta name=\"description\" content=\"Conhe\u00e7a as pol\u00edticas de cookies e prote\u00e7\u00e3o de dados do site do Wald, Antunes, Vita e Blattner Advogados.\" \/>\n<meta name=\"robots\" content=\"index, follow, max-snippet:-1, max-image-preview:large, max-video-preview:-1\" \/>\n<link rel=\"canonical\" href=\"https:\/\/www.wald.com.br\/lgpd\/\" \/>\n<meta property=\"og:locale\" content=\"en_US\" \/>\n<meta property=\"og:type\" content=\"article\" \/>\n<meta property=\"og:title\" content=\"Privacy and data protection | Wald Advogados\" \/>\n<meta property=\"og:description\" content=\"{:pb}Conhe\u00e7a as pol\u00edticas de cookies e prote\u00e7\u00e3o de dados do site do Wald, Antunes, Vita e Blattner Advogados.{:}\" \/>\n<meta property=\"og:url\" content=\"https:\/\/www.wald.com.br\/lgpd\/\" \/>\n<meta property=\"og:site_name\" content=\"Wald Advogados\" \/>\n<meta property=\"article:modified_time\" content=\"2026-01-12T21:42:54+00:00\" \/>\n<meta name=\"twitter:card\" content=\"summary_large_image\" \/>\n<meta name=\"twitter:label1\" content=\"Est. reading time\" \/>\n\t<meta name=\"twitter:data1\" content=\"1 minute\" \/>\n<script type=\"application\/ld+json\" class=\"yoast-schema-graph\">{\"@context\":\"https:\\\/\\\/schema.org\",\"@graph\":[{\"@type\":\"WebPage\",\"@id\":\"https:\\\/\\\/www.wald.com.br\\\/lgpd\\\/\",\"url\":\"https:\\\/\\\/www.wald.com.br\\\/lgpd\\\/\",\"name\":\"Privacy and data protection | Wald Advogados\",\"isPartOf\":{\"@id\":\"https:\\\/\\\/www.wald.com.br\\\/en\\\/#website\"},\"datePublished\":\"2022-05-19T16:19:08+00:00\",\"dateModified\":\"2026-01-12T21:42:54+00:00\",\"description\":\"{:pb}Conhe\u00e7a as pol\u00edticas de cookies e prote\u00e7\u00e3o de dados do site do Wald, Antunes, Vita e Blattner Advogados.{:}\",\"breadcrumb\":{\"@id\":\"https:\\\/\\\/www.wald.com.br\\\/lgpd\\\/#breadcrumb\"},\"inLanguage\":\"en-US\",\"potentialAction\":[{\"@type\":\"ReadAction\",\"target\":[\"https:\\\/\\\/www.wald.com.br\\\/lgpd\\\/\"]}]},{\"@type\":\"BreadcrumbList\",\"@id\":\"https:\\\/\\\/www.wald.com.br\\\/lgpd\\\/#breadcrumb\",\"itemListElement\":[{\"@type\":\"ListItem\",\"position\":1,\"name\":\"In\u00edcio\",\"item\":\"https:\\\/\\\/www.wald.com.br\\\/\"},{\"@type\":\"ListItem\",\"position\":2,\"name\":\"LGPD\"}]},{\"@type\":\"WebSite\",\"@id\":\"https:\\\/\\\/www.wald.com.br\\\/en\\\/#website\",\"url\":\"https:\\\/\\\/www.wald.com.br\\\/en\\\/\",\"name\":\"Wald Advogados\",\"description\":\"66 years of leading law practice\",\"publisher\":{\"@id\":\"https:\\\/\\\/www.wald.com.br\\\/en\\\/#organization\"},\"potentialAction\":[{\"@type\":\"SearchAction\",\"target\":{\"@type\":\"EntryPoint\",\"urlTemplate\":\"https:\\\/\\\/www.wald.com.br\\\/en\\\/?s={search_term_string}\"},\"query-input\":{\"@type\":\"PropertyValueSpecification\",\"valueRequired\":true,\"valueName\":\"search_term_string\"}}],\"inLanguage\":\"en-US\"},{\"@type\":\"Organization\",\"@id\":\"https:\\\/\\\/www.wald.com.br\\\/en\\\/#organization\",\"name\":\"Wald, Antunes, Vita, Longo e Blattner Advogados\",\"url\":\"https:\\\/\\\/www.wald.com.br\\\/en\\\/\",\"logo\":{\"@type\":\"ImageObject\",\"inLanguage\":\"en-US\",\"@id\":\"https:\\\/\\\/www.wald.com.br\\\/en\\\/#\\\/schema\\\/logo\\\/image\\\/\",\"url\":\"https:\\\/\\\/www.wald.com.br\\\/wp-content\\\/uploads\\\/2020\\\/02\\\/Logo_Wald.png\",\"contentUrl\":\"https:\\\/\\\/www.wald.com.br\\\/wp-content\\\/uploads\\\/2020\\\/02\\\/Logo_Wald.png\",\"width\":5260,\"height\":2565,\"caption\":\"Wald, Antunes, Vita, Longo e Blattner Advogados\"},\"image\":{\"@id\":\"https:\\\/\\\/www.wald.com.br\\\/en\\\/#\\\/schema\\\/logo\\\/image\\\/\"},\"sameAs\":[\"https:\\\/\\\/www.linkedin.com\\\/company\\\/wald\"]}]}<\/script>\n<!-- \/ Yoast SEO plugin. -->","yoast_head_json":{"title":"Privacy and data protection | Wald Advogados","description":"Conhe\u00e7a as pol\u00edticas de cookies e prote\u00e7\u00e3o de dados do site do Wald, Antunes, Vita e Blattner Advogados.","robots":{"index":"index","follow":"follow","max-snippet":"max-snippet:-1","max-image-preview":"max-image-preview:large","max-video-preview":"max-video-preview:-1"},"canonical":"https:\/\/www.wald.com.br\/lgpd\/","og_locale":"en_US","og_type":"article","og_title":"Privacy and data protection | Wald Advogados","og_description":"{:pb}Conhe\u00e7a as pol\u00edticas de cookies e prote\u00e7\u00e3o de dados do site do Wald, Antunes, Vita e Blattner Advogados.{:}","og_url":"https:\/\/www.wald.com.br\/lgpd\/","og_site_name":"Wald Advogados","article_modified_time":"2026-01-12T21:42:54+00:00","twitter_card":"summary_large_image","twitter_misc":{"Est. reading time":"1 minute"},"schema":{"@context":"https:\/\/schema.org","@graph":[{"@type":"WebPage","@id":"https:\/\/www.wald.com.br\/lgpd\/","url":"https:\/\/www.wald.com.br\/lgpd\/","name":"Privacy and data protection | Wald Advogados","isPartOf":{"@id":"https:\/\/www.wald.com.br\/en\/#website"},"datePublished":"2022-05-19T16:19:08+00:00","dateModified":"2026-01-12T21:42:54+00:00","description":"{:pb}Conhe\u00e7a as pol\u00edticas de cookies e prote\u00e7\u00e3o de dados do site do Wald, Antunes, Vita e Blattner Advogados.{:}","breadcrumb":{"@id":"https:\/\/www.wald.com.br\/lgpd\/#breadcrumb"},"inLanguage":"en-US","potentialAction":[{"@type":"ReadAction","target":["https:\/\/www.wald.com.br\/lgpd\/"]}]},{"@type":"BreadcrumbList","@id":"https:\/\/www.wald.com.br\/lgpd\/#breadcrumb","itemListElement":[{"@type":"ListItem","position":1,"name":"In\u00edcio","item":"https:\/\/www.wald.com.br\/"},{"@type":"ListItem","position":2,"name":"LGPD"}]},{"@type":"WebSite","@id":"https:\/\/www.wald.com.br\/en\/#website","url":"https:\/\/www.wald.com.br\/en\/","name":"Wald Advogados","description":"66 years of leading law practice","publisher":{"@id":"https:\/\/www.wald.com.br\/en\/#organization"},"potentialAction":[{"@type":"SearchAction","target":{"@type":"EntryPoint","urlTemplate":"https:\/\/www.wald.com.br\/en\/?s={search_term_string}"},"query-input":{"@type":"PropertyValueSpecification","valueRequired":true,"valueName":"search_term_string"}}],"inLanguage":"en-US"},{"@type":"Organization","@id":"https:\/\/www.wald.com.br\/en\/#organization","name":"Wald, Antunes, Vita, Longo e Blattner Advogados","url":"https:\/\/www.wald.com.br\/en\/","logo":{"@type":"ImageObject","inLanguage":"en-US","@id":"https:\/\/www.wald.com.br\/en\/#\/schema\/logo\/image\/","url":"https:\/\/www.wald.com.br\/wp-content\/uploads\/2020\/02\/Logo_Wald.png","contentUrl":"https:\/\/www.wald.com.br\/wp-content\/uploads\/2020\/02\/Logo_Wald.png","width":5260,"height":2565,"caption":"Wald, Antunes, Vita, Longo e Blattner Advogados"},"image":{"@id":"https:\/\/www.wald.com.br\/en\/#\/schema\/logo\/image\/"},"sameAs":["https:\/\/www.linkedin.com\/company\/wald"]}]}},"_links":{"self":[{"href":"https:\/\/www.wald.com.br\/en\/wp-json\/wp\/v2\/pages\/1716","targetHints":{"allow":["GET"]}}],"collection":[{"href":"https:\/\/www.wald.com.br\/en\/wp-json\/wp\/v2\/pages"}],"about":[{"href":"https:\/\/www.wald.com.br\/en\/wp-json\/wp\/v2\/types\/page"}],"author":[{"embeddable":true,"href":"https:\/\/www.wald.com.br\/en\/wp-json\/wp\/v2\/users\/1"}],"replies":[{"embeddable":true,"href":"https:\/\/www.wald.com.br\/en\/wp-json\/wp\/v2\/comments?post=1716"}],"version-history":[{"count":10,"href":"https:\/\/www.wald.com.br\/en\/wp-json\/wp\/v2\/pages\/1716\/revisions"}],"predecessor-version":[{"id":2435,"href":"https:\/\/www.wald.com.br\/en\/wp-json\/wp\/v2\/pages\/1716\/revisions\/2435"}],"wp:attachment":[{"href":"https:\/\/www.wald.com.br\/en\/wp-json\/wp\/v2\/media?parent=1716"}],"curies":[{"name":"wp","href":"https:\/\/api.w.org\/{rel}","templated":true}]}}

<div class="wpb-content-wrapper"><p></p>
<p>[vc_row][vc_column width=&#8221;1/2&#8243;][vc_column_text]</p>
<p>The following <strong>Privacy and Data Protection Policy</strong> and <strong>Cookies Policy</strong> detail how our firm handles personal data. These policies apply to all individuals (individual users, companies and other organizations) that may have their personal data processed by our firm, through the use of our website, services, via forms, among others.</p>
<p>[/vc_column_text][/vc_column][vc_column width=&#8221;1/2&#8243;][vc_column_text]</p>
<p style="text-align: center;"><span style="font-size: 20px;"><strong><span style="vertical-align: inherit;"><span style="vertical-align: inherit;">Clique para ver nossas políticas</span></span></strong></span></p>
<p style="text-align: center;"><a href="https://www.wald.com.br/wp-content/uploads/2024/01/Politica-de-Privacidade-e-Protecao-de-Dados.pdf" target="_blank" rel="noopener noreferrer"><span style="font-size: 20px;"><span style="vertical-align: inherit;"><span style="vertical-align: inherit;">Política de Privacidade e Proteção de Dados</span></span></span></a></p>
<p style="text-align: center;"><a href="https://www.wald.com.br/wp-content/uploads/2023/06/Politica-de-Cookies-Wald.pdf" target="_blank" rel="noopener noreferrer"><span style="font-size: 20px;"><span style="vertical-align: inherit;"><span style="vertical-align: inherit;">Política de Cookies</span></span></span></a></p>
<p>[/vc_column_text][/vc_column][/vc_row]</p>
<p></p>
</div>

<!-- This site is optimized with the Yoast SEO plugin v27.5 - https://yoast.com/product/yoast-seo-wordpress/ -->
<title>Privacy and data protection | Wald Advogados</title>
<meta name="description" content="Conheça as políticas de cookies e proteção de dados do site do Wald, Antunes, Vita e Blattner Advogados." />
<meta name="robots" content="index, follow, max-snippet:-1, max-image-preview:large, max-video-preview:-1" />
<link rel="canonical" href="https://www.wald.com.br/lgpd/" />
<meta property="og:locale" content="en_US" />
<meta property="og:type" content="article" />
<meta property="og:title" content="Privacy and data protection | Wald Advogados" />
<meta property="og:description" content="{:pb}Conheça as políticas de cookies e proteção de dados do site do Wald, Antunes, Vita e Blattner Advogados.{:}" />
<meta property="og:url" content="https://www.wald.com.br/lgpd/" />
<meta property="og:site_name" content="Wald Advogados" />
<meta property="article:modified_time" content="2026-01-12T21:42:54+00:00" />
<meta name="twitter:card" content="summary_large_image" />
<meta name="twitter:label1" content="Est. reading time" />
	<meta name="twitter:data1" content="1 minute" />
<script type="application/ld+json" class="yoast-schema-graph">{"@context":"https:\/\/schema.org","@graph":[{"@type":"WebPage","@id":"https:\/\/www.wald.com.br\/lgpd\/","url":"https:\/\/www.wald.com.br\/lgpd\/","name":"Privacy and data protection | Wald Advogados","isPartOf":{"@id":"https:\/\/www.wald.com.br\/en\/#website"},"datePublished":"2022-05-19T16:19:08+00:00","dateModified":"2026-01-12T21:42:54+00:00","description":"{:pb}Conheça as políticas de cookies e proteção de dados do site do Wald, Antunes, Vita e Blattner Advogados.{:}","breadcrumb":{"@id":"https:\/\/www.wald.com.br\/lgpd\/#breadcrumb"},"inLanguage":"en-US","potentialAction":[{"@type":"ReadAction","target":["https:\/\/www.wald.com.br\/lgpd\/"]}]},{"@type":"BreadcrumbList","@id":"https:\/\/www.wald.com.br\/lgpd\/#breadcrumb","itemListElement":[{"@type":"ListItem","position":1,"name":"Início","item":"https:\/\/www.wald.com.br\/"},{"@type":"ListItem","position":2,"name":"LGPD"}]},{"@type":"WebSite","@id":"https:\/\/www.wald.com.br\/en\/#website","url":"https:\/\/www.wald.com.br\/en\/","name":"Wald Advogados","description":"66 years of leading law practice","publisher":{"@id":"https:\/\/www.wald.com.br\/en\/#organization"},"potentialAction":[{"@type":"SearchAction","target":{"@type":"EntryPoint","urlTemplate":"https:\/\/www.wald.com.br\/en\/?s={search_term_string}"},"query-input":{"@type":"PropertyValueSpecification","valueRequired":true,"valueName":"search_term_string"}}],"inLanguage":"en-US"},{"@type":"Organization","@id":"https:\/\/www.wald.com.br\/en\/#organization","name":"Wald, Antunes, Vita, Longo e Blattner Advogados","url":"https:\/\/www.wald.com.br\/en\/","logo":{"@type":"ImageObject","inLanguage":"en-US","@id":"https:\/\/www.wald.com.br\/en\/#\/schema\/logo\/image\/","url":"https:\/\/www.wald.com.br\/wp-content\/uploads\/2020\/02\/Logo_Wald.png","contentUrl":"https:\/\/www.wald.com.br\/wp-content\/uploads\/2020\/02\/Logo_Wald.png","width":5260,"height":2565,"caption":"Wald, Antunes, Vita, Longo e Blattner Advogados"},"image":{"@id":"https:\/\/www.wald.com.br\/en\/#\/schema\/logo\/image\/"},"sameAs":["https:\/\/www.linkedin.com\/company\/wald"]}]}</script>
<!-- / Yoast SEO plugin. -->

Conheça as políticas de cookies e proteção de dados do site do Wald, Antunes, Vita e Blattner Advogados.

{:pb}Conheça as políticas de cookies e proteção de dados do site do Wald, Antunes, Vita e Blattner Advogados.{:}

Início
